Dec 02 02:27:09.624 INFO testing VentGrey/GodiRust against master#8940af3cea4a9a9deabcaf843b2f8cad9a83fc61 for beta-1.31-5
Dec 02 02:27:09.624 INFO running `"docker" "create" "-v" "/mnt/big/crater/work/local/target-dirs/beta-1.31-5/worker-3/master#8940af3cea4a9a9deabcaf843b2f8cad9a83fc61:/target:rw,Z" "-v" "/mnt/big/crater/work/local/test-source/worker-3/beta-1.31-5/master#8940af3cea4a9a9deabcaf843b2f8cad9a83fc61:/source:ro,Z" "-v" "/mnt/big/crater/work/local/cargo-home:/cargo-home:ro,Z" "-v" "/mnt/big/crater/work/local/rustup-home:/rustup-home:ro,Z" "-e" "USER_ID=1000" "-e" "SOURCE_DIR=/source" "-e" "USER_ID=1000" "-e" "CMD=cargo +8940af3cea4a9a9deabcaf843b2f8cad9a83fc61-alt build --frozen" "-e" "CARGO_TARGET_DIR=/target" "-e" "CARGO_INCREMENTAL=0" "-e" "RUST_BACKTRACE=full" "-e" "RUSTFLAGS=--cap-lints=warn" "-e" "CARGO_HOME=/cargo-home" "-e" "RUSTUP_HOME=/rustup-home" "-m" "1536M" "--network" "none" "crater"`
Dec 02 02:27:10.025 INFO [stdout] fc9c27ca669f2006b09759628fb8739207c232a759ec3f5558974dad3cc4e01a
Dec 02 02:27:10.028 INFO running `"docker" "start" "-a" "fc9c27ca669f2006b09759628fb8739207c232a759ec3f5558974dad3cc4e01a"`
Dec 02 02:27:11.143 INFO [stderr] usermod: no changes
Dec 02 02:27:11.187 INFO [stderr]    Compiling ABCRust v0.1.0 (/source)
Dec 02 02:27:12.119 INFO [stderr] error[E0425]: cannot find function `borrar` in this scope
Dec 02 02:27:12.119 INFO [stderr]   --> src/main.rs:42:18
Dec 02 02:27:12.119 INFO [stderr]    |
Dec 02 02:27:12.119 INFO [stderr] 42 |             2 => borrar(),
Dec 02 02:27:12.119 INFO [stderr]    |                  ^^^^^^ not found in this scope
Dec 02 02:27:12.119 INFO [stderr] 
Dec 02 02:27:12.119 INFO [stderr] error[E0425]: cannot find function `mostrar` in this scope
Dec 02 02:27:12.119 INFO [stderr]   --> src/main.rs:43:18
Dec 02 02:27:12.119 INFO [stderr]    |
Dec 02 02:27:12.119 INFO [stderr] 43 |             3 => mostrar(),
Dec 02 02:27:12.119 INFO [stderr]    |                  ^^^^^^^ not found in this scope
Dec 02 02:27:12.119 INFO [stderr] 
Dec 02 02:27:12.119 INFO [stderr] error[E0425]: cannot find function `buscar` in this scope
Dec 02 02:27:12.119 INFO [stderr]   --> src/main.rs:44:18
Dec 02 02:27:12.119 INFO [stderr]    |
Dec 02 02:27:12.119 INFO [stderr] 44 |             4 => buscar(),
Dec 02 02:27:12.119 INFO [stderr]    |                  ^^^^^^ not found in this scope
Dec 02 02:27:12.119 INFO [stderr] 
Dec 02 02:27:12.119 INFO [stderr] error[E0425]: cannot find function `guardar` in this scope
Dec 02 02:27:12.119 INFO [stderr]   --> src/main.rs:45:18
Dec 02 02:27:12.119 INFO [stderr]    |
Dec 02 02:27:12.119 INFO [stderr] 45 |             5 => guardar(),
Dec 02 02:27:12.119 INFO [stderr]    |                  ^^^^^^^ not found in this scope
Dec 02 02:27:12.119 INFO [stderr] 
Dec 02 02:27:12.119 INFO [stderr] error[E0425]: cannot find function `cargar` in this scope
Dec 02 02:27:12.119 INFO [stderr]   --> src/main.rs:46:18
Dec 02 02:27:12.119 INFO [stderr]    |
Dec 02 02:27:12.119 INFO [stderr] 46 |             6 => cargar(),
Dec 02 02:27:12.119 INFO [stderr]    |                  ^^^^^^ not found in this scope
Dec 02 02:27:12.119 INFO [stderr] 
Dec 02 02:27:12.119 INFO [stderr] error[E0425]: cannot find function `ordenar` in this scope
Dec 02 02:27:12.119 INFO [stderr]   --> src/main.rs:47:18
Dec 02 02:27:12.119 INFO [stderr]    |
Dec 02 02:27:12.119 INFO [stderr] 47 |             7 => ordenar(),
Dec 02 02:27:12.119 INFO [stderr]    |                  ^^^^^^^ not found in this scope
Dec 02 02:27:12.119 INFO [stderr] 
Dec 02 02:27:12.141 INFO [stderr] error: aborting due to 6 previous errors
Dec 02 02:27:12.141 INFO [stderr] 
Dec 02 02:27:12.141 INFO [stderr] For more information about this error, try `rustc --explain E0425`.
Dec 02 02:27:12.175 INFO [stderr] error: Could not compile `ABCRust`.
Dec 02 02:27:12.175 INFO [stderr] 
Dec 02 02:27:12.175 INFO [stderr] To learn more, run the command again with --verbose.
Dec 02 02:27:12.175 INFO [stderr] su: No module specific data is present
Dec 02 02:27:12.849 INFO running `"docker" "inspect" "fc9c27ca669f2006b09759628fb8739207c232a759ec3f5558974dad3cc4e01a"`
Dec 02 02:27:13.175 INFO running `"docker" "rm" "-f" "fc9c27ca669f2006b09759628fb8739207c232a759ec3f5558974dad3cc4e01a"`
Dec 02 02:27:13.495 INFO [stdout] fc9c27ca669f2006b09759628fb8739207c232a759ec3f5558974dad3cc4e01a
